 14.
2
Convert c1 (base 16) to base 13.
11b
Convert -1011 (base 2) to base 9.
-12
What is -6 (base 16) in base 7?
-6
41 (base 7) to base 16
1d
What is -6 (base 11) in base 12?
-6
Convert 186 (base 10) to base 8.
272
37 (base 11) to base 12
34
What is 55 (base 11) in base 4?
330
Convert 1 (base 4) to base 7.
1
What is -32 (base 4) in base 5?
-24
Convert -22 (base 7) to base 15.
-11
What is -11000 (base 2) in base 5?
-44
What is -54 (base 8) in base 3?
-1122
-31 (base 15) to base 14
-34
Convert 0 (base 6) to base 2.
0
4 (base 5) to base 11
4
What is -31 (base 5) in base 10?
-16
What is 5 (base 14) in base 3?
12
Convert -30 (base 9) to base 3.
-1000
What is aa (base 13) in base 9?
165
9 (base 10) to base 3
100
120210 (base 3) to base 16
1aa
Convert -12c (base 15) to base 13.
-177
Convert -2 (base 3) to base 8.
-2
Convert -27 (base 16) to base 7.
-54
What is -fd (base 16) in base 7?
-511
Convert -1 (base 2) to base 6.
-1
Convert -2 (base 14) to base 5.
-2
-101 (base 4) to base 9
-18
11 (base 16) to base 9
18
What is -2e (base 16) in base 9?
-51
Convert 199 (base 16) to base 15.
1c4
What is -3 (base 14) in base 16?
-3
Convert -5 (base 10) to base 11.
-5
What is 3 (base 16) in base 5?
3
0 (base 8) to base 11
0
Convert 10000 (base 2) to base 3.
121
What is 28 (base 14) in base 2?
100100
-6 (base 11) to base 2
-110
-1510 (base 6) to base 16
-192
-3a (base 16) to base 7
-112
-14 (base 7) to base 9
-12
What is 54 (base 13) in base 3?
2120
1 (base 11) to base 3
1
What is -55 (base 9) in base 2?
-110010
Convert -3 (base 4) to base 3.
-10
Convert 151 (base 10) to base 16.
97
Convert -25 (base 13) to base 5.
-111
12 (base 6) to base 5
13
What is 0 (base 15) in base 12?
0
What is -131 (base 5) in base 13?
-32
Convert 5 (base 7) to base 6.
5
-3 (base 16) to base 4
-3
What is -1a (base 15) in base 16?
-19
What is 6 (base 10) in base 4?
12
What is -3 (base 13) in base 3?
-10
Convert -16 (base 12) to base 11.
-17
Convert -3 (base 14) to base 8.
-3
4 (base 11) to base 9
4
What is 4 (base 6) in base 5?
4
What is -12 (base 14) in base 8?
-20
Convert 85 (base 13) to base 14.
7b
39 (base 16) to base 11
52
Convert -13 (base 8) to base 9.
-12
What is -171 (base 8) in base 7?
-232
Convert -34 (base 5) to base 13.
-16
-150 (base 8) to base 5
-404
110 (base 2) to base 11
6
2 (base 6) to base 11
2
Convert 12 (base 4) to base 8.
6
What is -22 (base 14) in base 15?
-20
What is -2 (base 16) in base 15?
-2
Convert -4a (base 13) to base 11.
-57
Convert 3 (base 12) to base 16.
3
Convert 33 (base 15) to base 4.
300
0 (base 8) to base 15
0
9 (base 14) to base 12
9
Convert 34 (base 9) to base 3.
1011
Convert -14 (base 12) to base 3.
-121
4 (base 6) to base 10
4
What is -88 (base 15) in base 14?
-92
Convert 11110011 (base 2) to base 12.
183
Convert -11 (base 3) to base 14.
-4
-10 (base 2) to base 13
-2
Convert -1 (base 16) to base 11.
-1
-62 (base 7) to base 13
-35
-41 (base 13) to base 8
-65
What is -288 (base 11) in base 8?
-522
13 (base 12) to base 15
10
-1 (base 11) to base 7
-1
-2 (base 15) to base 8
-2
-387 (base 10) to base 12
-283
What is -20120 (base 3) in base 4?
-2301
What is 12001 (base 4) in base 3?
112021
What is 201 (base 4) in base 7?
45
Convert 11 (base 11) to base 8.
14
What is -223 (base 4) in base 9?
-47
34 (base 13) to base 8
53
What is 2 (base 16) in base 3?
2
-10 (base 14) to base 15
-e
b (base 14) to base 9
12
Convert -11 (base 7) to base 6.
-12
What is 6 (base 14) in base 3?
20
8 (base 12) to base 15
8
Convert 0 (base 8) to base 7.
0
What is -3c (base 14) in base 8?
-66
-2 (base 7) to base 16
-2
Convert -9 (base 12) to base 10.
-9
0 (base 14) to base 7
0
What is -36 (base 7) in base 12?
-23
-230 (base 13) to base 14
-1cd
What is -2 (base 8) in base 11?
-2
What is 1 (base 7) in base 9?
1
Convert 3a (base 11) to base 13.
34
What is 4 (base 10) in base 9?
4
What is 3 (base 4) in base 12?
3
Convert 11 (base 11) to base 2.
1100
1 (base 12) to base 10
1
-312 (base 5) to base 7
-145
-3 (base 10) to base 7
-3
What is -121 (base 3) in base 12?
-14
Convert 2 (base 14) to base 10.
2
What is 0 (base 12) in base 7?
0
What is 15 (base 8) in base 7?
16
Convert 1a (base 11) to base 4.
111
19 (base 14) to base 4
113
-4 (base 8) to base 2
-100
-142 (base 9) to base 6
-315
-319 (base 10) to base 11
-270
What is 11 (base 6) in base 11?
7
-232 (base 5) to base 14
-4b
Convert 15 (base 6) to base 13.
b
Convert 142 (base 6) to base 7.
116
What is -14 (base 5) in base 3?
-100
Convert 313 (base 4) to base 13.
43
-2 (base 10) to base 9
-2
What is -23 (base 5) in base 15?
-d
Convert 25 (base 13) to base 14.
23
-8 (base 10) to base 15
-8
7 (base 11) to base 9
7
What is -a (base 13) in base 11?
-a
-3 (base 12) to base 2
-11
Convert -2 (base 11) to base 3.
-2
What is 0 (base 12) in base 10?
0
What is -30 (base 4) in base 12?
-10
10 (base 8) to base 12
8
What is 10110 (base 2) in base 12?
1a
Convert -220 (base 11) to base 5.
-2024
What is -28 (base 9) in base 5?
-101
What is -4 (base 7) in base 14?
-4
What is -8c (base 15) in base 7?
-246
Convert -6 (base 16) to base 5.
-11
What is 116 (base 9) in base 2?
1100000
What is 3 (base 11) in base 14?
3
Convert -5 (base 13) to base 3.
-12
2322 (base 4) to base 7
354
What is -140 (base 7) in base 15?
-52
-44 (base 13) to base 8
-70
-1 (base 11) to base 6
-1
4 (base 13) to base 11
4
2 (base 14) to base 16
2
What is -144 (base 5) in base 4?
-301
What is -10101000 (base 2) in base 9?
-206
-102 (base 3) to base 14
-b
-b (base 13) to base 16
-b
Convert 9 (base 13) to base 14.
9
1 (base 6) to base 13
1
Convert -2 (base 6) to base 4.
-2
What is 13 (base 7) in base 4?
22
-3 (base 11) to base 3
-10
-20 (base 7) to base 16
-e
What is -1 (base 4) in base 13?
-1
Convert -c (base 14) to base 7.
-15
Convert 3312 (base 4) to base 2.
11110110
Convert -10 (base 4) to base 3.
-11
What is -10011000 (base 2) in base 5?
-1102
4 (base 13) to base 10
4
-166 (base 13) to base 10
-253
Convert 5 (base 9) to base 4.
11
-82 (base 15) to base 7
-233
What is 3 (base 5) in base 14?
3
What is 2010 (base 3) in base 10?
57
What is -65 (base 8) in base 3?
-1222
-7 (base 9) to base 15
-7
What is 17 (base 15) in base 12?
1a
Convert 403 (base 5) to base 16.
67
Convert -4 (base 6) to base 11.
-4
Convert 7 (base 14) to base 7.
10
Convert -5 (base 14) to base 13.
-5
Convert -a (base 15) to base 8.
-12
What is -3 (base 8) in base 3?
-10
24 (base 9) to base 7
31
Convert 15 (base 7) to base 13.
c
Convert 3 (base 14) to base 7.
3
What is 1010010 (base 2) in base 7?
145
Convert 6 (base 8) to base 5.
11
2322 (base 4) to base 10
186
-17 (base 9) to base 15
-11
-3 (base 12) to base 8
-3
3 (base 16) to base 10
3
What is -101 (base 3) in base 8?
-12
5 (base 14) to base 15
5
-3 (base 13) to base 5
-3
Convert -2 (base 3) to base 6.
-2
What is -126 (base 7) in base 14?
-4d
What is -15 (base 8) in base 11?
-12
What is 3 (base 16) in base 12?
3
-2 (base 3) to base 10
-2
Convert 9 (base 14) to base 6.
13
Convert -2 (base 3) to base 6.
-2
Convert 1 (base 16) to base 4.
1
What is -54 (base 11) in base 2?
-111011
Convert -a (base 15) to base 8.
-12
-56 (base 11) to base 6
-141
What is -1021 (base 4) in base 3?
-2201
-11 (base 6) to base 11
-7
What is -52 (base 10) in base 4?
-310
-22 (base 5) to base 4
-30
a2 (base 12) to base 13
95
Convert -14 (base 9) to base 10.
-13
What is -a8 (base 16) in base 8?
-250
Convert -6c (base 14) to base 5.
-341
What is -25 (base 9) in base 6?
-35
What is 212 (base 5) in base 3?
2010
Convert -12102 (base 3) to base 9.
-172
Convert 68 (base 11) to base 10.
74
Convert 31 (base 6) to base 7.
25
Convert -11000101 (base 2) to base 11.
-16a
What is -1 (base 15) in base 8?
-1
What is 8 (base 15) in base 14?
8
83 (base 12) to base 5
344
What is -165 (base 8) in base 5?
-432
What is 27 (base 10) in base 8?
33
Convert -332 (base 5) to base 8.
-134
What is 6 (base 8) in base 14?
6
What is 20 (base 13) in base 16?
1a
Convert 3 (base 5) to base 16.
3
Convert 2 (base 15) to base 14.
2
25 (base 15) to base 12
2b
Convert -5 (base 15) to base 6.
-5
What is 112 (base 14) in base 7?
422
Convert -1a (base 15) to base 16.
-19
What is 85 (base 14) in base 16?
75
-11 (base 6) to base 2
-111
-4 (base 13) to base 2
-100
What is a (base 14) in base 9?
11
What is 1 (base 16) in base 7?
1
Convert 